 4. Let l be 2 + u - (1 + 2). Let z(i) = -10*i - 3. What are the prime factors of z(l)?
17
Suppose 34 = -2*t + 100. Let r = t + 12. List the prime factors of r.
3, 5
Let i(m) = 38*m**3 - 6*m**2 + 11*m - 38. List the prime factors of i(4).
2, 1171
Let n = 18 + 161. List the prime factors of n.
179
Suppose -140*i + 150*i - 5220 = 0. List the prime factors of i.
2, 3, 29
List the prime factors of (-17 - 363/(-21)) + 16236/14.
2, 5, 29
Suppose 9*x + 1658 = 9596. List the prime factors of x.
2, 3, 7
Suppose 4*k + 277 = 2481. What are the prime factors of k?
19, 29
Let f be 3 + 0 + -1 + 0. Let i(t) = -1 + 1 + f*t. List the prime factors of i(8).
2
Let h(q) = 11*q - 3. Let p = 9 + -13. Let o be h(p). Let d = -25 - o. List the prime factors of d.
2, 11
What are the prime factors of ((-782)/(-138))/((-1)/(-189))?
3, 7, 17
Let d(w) = w - 1. Let n be d(3). Suppose 67 = n*v - 79. List the prime factors of v.
73
Let v = 15 + -11. Let c be (-2)/(-5) - v/10. Suppose c = -4*r + 3*r + 40. List the prime factors of r.
2, 5
Let x be (5 - 0)*-5 + -3. Let o be (-10)/(-4)*x/(-35). Suppose 48 = o*u - d, 4*u + 3*d = 2*u + 48. List the prime factors of u.
2, 3
Let n be (1*2)/((-34)/459). Let k = n - -36. What are the prime factors of k?
3
Let m(s) = s**3 - s + 1. Let h(u) = 28*u**3 - u**2 - 6*u + 5. Let k(f) = -h(f) + 5*m(f). List the prime factors of k(-1).
23
Let h = -24 + 28. Let x = 20 - h. List the prime factors of x.
2
Let g = 172 - 175. Let v(n) = 16*n**2 + 4*n - 19. Let x(l) = -11*l**2 - 3*l + 13. Let c(b) = 5*v(b) + 7*x(b). List the prime factors of c(g).
2, 13
Suppose -4*z = -50 - 54. Let m = z + -24. Suppose -m*p = l - 16, -4*l + 28 = 5*p - 42. List the prime factors of l.
2, 5
Let l = -1503 + 5515. List the prime factors of l.
2, 17, 59
Let t = -23 - -26. Suppose -151 = w - 3*p, p = -t*w + 3*p - 474. List the prime factors of (0 + 3)*w/(-12).
2, 5
Let a = 124 + 27. Suppose -2*y + 196 = -3*z - 24, -2*y + 224 = -5*z. Let k = a - y. List the prime factors of k.
2, 11
Let t = 3849 - -813. What are the prime factors of t?
2, 3, 7, 37
Let c be 0/1 - -6 - 2. Suppose -5*p + c*p + 2 = 0. Let v = p - -32. What are the prime factors of v?
2, 17
What are the prime factors of 19584/(15 + -7) - -2 - 1?
31, 79
Suppose -8*w - 63 + 15 = 0. Let k be (w - -5)/((-2)/162). Let b = k - 47. What are the prime factors of b?
2, 17
Let b(v) be the second derivative of v**5/20 + 5*v**4/12 + v**3 + 4*v**2 + 5*v. Let h be b(-4). Suppose h*y = y - 39. What are the prime factors of y?
3, 13
Suppose -6*n - 16 + 76 = 0. Suppose 0*p = 2*p - n. Suppose -p*k = 30 - 190. What are the prime factors of k?
2
Let c be (-12)/(-4) + (-27)/(-3). Suppose -3*m = -c - 198. List the prime factors of m.
2, 5, 7
Suppose 180 = -162*k + 171*k. Let t be ((-8)/6)/(2/(-12)). Let z = k + t. List the prime factors of z.
2, 7
Let n = 417 + 2292. What are the prime factors of n?
3, 7, 43
Let n(o) = o + 1. Let a be n(3). Suppose -5*u + 12 = -a*u. List the prime factors of (-15)/(-6)*u/5.
2, 3
Let l = -22 + 13. Let q(m) = m**2 + 5*m - 7. List the prime factors of q(l).
29
Suppose -6*g - 12*g + 58176 = 0. List the prime factors of g.
2, 101
Suppose -4*l + 2*l = -4*n + 2476, 0 = 2*n - 5*l - 1246. List the prime factors of n.
2, 3, 103
Suppose 850 = 34*m - 39*m. Let g = m - -185. What are the prime factors of g?
3, 5
Suppose -2*c = -3*c. Suppose c = 5*w + z + 6, 3*w + 3*z + 2 = 4*z. List the prime factors of (-297)/(-9) + 0 + w.
2
Let l be (6 + -1)*(-5)/(-25). Let y(k) = 18*k + 1. Let b be y(l). Let g = b + 1. What are the prime factors of g?
2, 5
Let x = -19 + 8. Let u = x + 13. What are the prime factors of 3 - (3 - (37 - u))?
5, 7
Let c(g) = 2*g**2 - 7*g + 5. Let s be c(4). Suppose 2*y = s*y - 756. List the prime factors of 2568/y + (-4)/(-18).
2, 3
Suppose -k = -3*j - 751, -5*k = 2*j - 1987 - 1853. List the prime factors of k.
2, 383
What are the prime factors of 228424/182 - (2/26)/1?
5, 251
Suppose -3*m + 177 = k, 4*k = 2*m - k - 118. Let f = m + 124. List the prime factors of f.
3, 61
Suppose -4*g + 2*d + 1564 = 0, -6*g + 4*g = -4*d - 770. List the prime factors of g.
3, 131
Let y = 903 - 348. List the prime factors of y.
3, 5, 37
Let m(h) = h**3 + 2*h**2 - h + 9. Let n be m(-3). Suppose 3*x - n = r, x + 9 = 4*x. What are the prime factors of r?
2, 3
Suppose -3*q = 5*d + 3, -31 = -q - 3*q + 5*d. Suppose -q*j + j = -87. List the prime factors of j.
29
Let d be 3/(-12) - 51/(-12). Let t be ((-5)/4)/((-3)/12). Let o = d + t. What are the prime factors of o?
3
Let n = 475 + -440. What are the prime factors of n?
5, 7
Let a(w) = 2*w**2 - 7*w - 7. Let k(g) = -g**3 - 6*g**2 + 4. Let b be k(-6). Let h be (-2)/(((-24)/(-15))/b). What are the prime factors of a(h)?
2, 3, 13
Let m be 22/5 - 4/10. Let y be m/(-14) - 471/(-7). Let n = -38 + y. List the prime factors of n.
29
Let z = 1 + 4. Suppose 3 = 2*k - 33. Suppose 0 = -z*o + k + 12. List the prime factors of o.
2, 3
Suppose 2*h + 2*t = 64, -2*h - 3*t - 13 = -82. Let x = h - -18. List the prime factors of x.
3, 5
Let n = 3482 - 1930. What are the prime factors of n?
2, 97
What are the prime factors of (-230)/(-3)*(-2121)/(-202)?
5, 7, 23
Let c(s) = 13*s**2 + 9*s - 21. List the prime factors of c(-8).
739
Suppose -3*z + j = -3481, -z = 2*z + 4*j - 3476. List the prime factors of z.
2, 5, 29
Let n = -2 - -5. Suppose 4*d - 20 = -3*q, n = -3*d + 5*q - 11. List the prime factors of ((-62)/4)/(d/(-4)).
31
Let z be 6 + (-5 - -4) - 5. Let k(h) be the second derivative of -h**4/12 + h**3/6 + 9*h**2/2 - 2*h. List the prime factors of k(z).
3
Let o = 0 - -7. Let t be 900/84 + 2/o. Let q = t + 10. What are the prime factors of q?
3, 7
Suppose -g - 8 = 5*p - 439, -4*p + 343 = -g. Let q = 4 + p. List the prime factors of q.
2, 3, 5
Suppose 0 = 2*r - 5*r + 3. Let a be r + (6/(-3))/(-1). Let v(d) = 2*d**2 - 4*d - 1. List the prime factors of v(a).
5
Suppose 28*n - 43*n = -1560. What are the prime factors of n?
2, 13
Let v be 34/153 + (-112)/18. Let f be v/(-4 + (-116)/(-30)). Suppose -4*a + a + f = 0. List the prime factors of a.
3, 5
Let i(q) = 1629*q**2 - 2*q. What are the prime factors of i(1)?
1627
Let s(v) = 7*v**2 - 27*v - 40. What are the prime factors of s(12)?
2, 7, 23
Let x(l) = 4*l**2 + 5*l + 4. Let r be x(-4). Let m = r + -4. Let w = m + -13. What are the prime factors of w?
31
Let h = 1929 + -1077. What are the prime factors of h?
2, 3, 71
Let z(s) = 6*s + 10. Let v be z(-1). Let u(f) = -2*f + f + 6*f - 7 + f**2. List the prime factors of u(v).
29
Let j be 1/8*2362 + (-24)/96. Suppose v - 6*v = 20, -v - j = -3*b. What are the prime factors of b?
97
Let v = 607 + 2041. List the prime factors of v.
2, 331
Let m = -31 - -34. Suppose x - 230 = -x - l, 0 = m*x + 4*l - 345. Suppose -2*z + 39 = -x. List the prime factors of z.
7, 11
Suppose -t + 21 = -2*q, -9 = -3*t + 3*q + 51. Suppose -t*c + 23*c - 84 = 0. List the prime factors of c.
3, 7
Let r(q) = -5*q**3 + 15*q**2 + 22*q + 6. What are the prime factors of r(-5)?
2, 7
Suppose 51 = 3*m - 33. Suppose -m*s = -23*s - 150. List the prime factors of s.
2, 3, 5
Let r(y) be the second derivative of -y**4/12 + 7*y**3/3 - 19*y**2/2 + 8*y. Let p be r(13). Let d(v) = v**2 + 3*v - 2. List the prime factors of d(p).
2
Suppose 0 = t - 4*v - 1983, 3*t - 8*t - 3*v + 9938 = 0. What are the prime factors of t?
1987
Suppose -12*q = -10*q - 194. Let s = -56 + q. List the prime factors of s.
41
Suppose 0 = -2*g + 47 + 1. Suppose y - w = 3*w + g, 5*y = 4*w + 152. List the prime factors of y.
2
List the prime factors of -73 - -73 - 2245*-1.
5, 449
Let a be (2 - (1 + -3 + 3)) + 4. Suppose k = -a*c + 873, k = -c - 2*k + 169. What are the prime factors of c?
5, 7
Let c(t) = 10*t + 89. Let z be c(-9). Let g = -46 - -29. Let h = z - g. What are the prime factors of h?
2
Suppose 8*s - 308 - 452 = 0. List the prime factors of s.
5, 19
Suppose -4*r - 7 = -b, 12 = -4*b + 4*r + 4. Let p(w) = -7*w. Let j be p(b). Let n = -8 + j. List the prime factors of n.
3
Let s be 9/((-90)/4)*-1330. Suppose -5*h + 3*u + s = 0, -600 = -4*h - u - 171. Suppose 2*b - h - 3 = 0. List the prime factors of b.
5, 11
Let o(g) = -g + 1. Let j be o(1). Suppose 3*h - 4*n - 548 = j, 3*h = n + 2*n + 546. What are the prime factors of ((-30)/75)/((-2)/h)?
2, 3
Let y(b) = -3*b - 2. Le